lse
Does 309 divide 154780263?
True
Does 1278 divide 548224938?
True
Is 2937116 a multiple of 2?
True
Does 589 divide 1057037784?
False
Does 347 divide 36937534?
False
Is 352 a factor of 794615360?
True
Is 35 a factor of 107575541?
False
Is 5825330 a multiple of 18?
False
Is 307 a factor of 95282091?
False
Is 125085030 a multiple of 5?
True
Does 12 divide 1047002764?
False
Does 10 divide 356012440?
True
Is 1495 a factor of 81921040?
False
Is 64501522 a multiple of 181?
True
Is 16 a factor of 100806001?
False
Is 30093374 a multiple of 31?
True
Is 6273 a factor of 146361636?
True
Is 9030928 a multiple of 6?
False
Is 15600888 a multiple of 726?
False
Is 4052862 a multiple of 71?
False
Is 198814 a multiple of 35?
False
Is 65 a factor of 127138395?
False
Is 39 a factor of 15984981?
False
Does 17 divide 78423181?
False
Is 120 a factor of 170061240?
True
Does 7 divide 213136963?
False
Is 377238708 a multiple of 6237?
True
Is 2292 a factor of 11347733?
False
Does 6 divide 2671968?
True
Is 1436 a factor of 11997041?
False
Is 19 a factor of 42630128?
False
Does 705 divide 27665610?
True
Is 535192028 a multiple of 14?
True
Does 16 divide 276935536?
True
Is 261321288 a multiple of 24?
True
Is 278 a factor of 4931442?
True
Is 1144 a factor of 1791739664?
True
Is 99 a factor of 80917783?
False
Is 30233254 a multiple of 1361?
True
Is 86 a factor of 2825348718?
False
Does 809 divide 43196555?
True
Is 634316561 a multiple of 35?
False
Does 27 divide 43510663?
False
Is 10203962 a multiple of 9?
False
Does 2601 divide 1766074984?
False
Is 95 a factor of 268861619?
False
Does 55 divide 73138321?
False
Is 289267908 a multiple of 11?
False
Is 146 a factor of 99027572?
False
Does 286 divide 39655330?
True
Does 52 divide 5268168?
False
Is 4124963 a multiple of 255?
False
Does 106 divide 350467857?
False
Is 13 a factor of 38975261?
True
Does 1109 divide 1155699796?
False
Is 78041757 a multiple of 170?
False
Is 84 a factor of 544521919?
False
Does 55 divide 1374062946?
False
Does 466 divide 358524556?
True
Is 67 a factor of 123390696?
False
Is 16 a factor of 66919362?
False
Does 145 divide 83275240?
True
Is 50046891 a multiple of 3?
True
Is 14 a factor of 59429650?
True
Does 1030 divide 163707170?
True
Is 759 a factor of 212523036?
True
Is 520811276 a multiple of 25?
False
Does 119 divide 3104974537?
True
Does 965 divide 31407855?
True
Does 4 divide 1797798913?
False
Does 276 divide 63366457?
False
Does 4 divide 613819520?
True
Is 4150993438 a multiple of 770?
False
Is 670552198 a multiple of 174?
False
Is 10 a factor of 1001519168?
False
Is 440807917 a multiple of 10?
False
Is 18876515 a multiple of 5?
True
Does 441 divide 2211867525?
False
Does 1584 divide 107875736?
False
Does 397 divide 125600154?
False
Does 10 divide 3745696?
False
Is 2225163819 a multiple of 10313?
True
Is 4 a factor of 9963909?
False
Is 13 a factor of 700971011?
True
Does 74 divide 588738633?
False
Is 2013703760 a multiple of 172?
True
Is 40 a factor of 16060557?
False
Is 10 a factor of 117154675?
False
Is 3 a factor of 4314160?
False
Does 591 divide 73380333?
True
Is 18 a factor of 2035179386?
False
Is 20 a factor of 1121820?
True
Is 302131514 a multiple of 34?
True
Does 237 divide 4943820?
True
Is 114 a factor of 28076718?
True
Does 7 divide 102984756?
True
Is 2980490609 a multiple of 4300?
False
Is 31180968 a multiple of 182?
True
Does 89 divide 108564016?
False
Is 41852885 a multiple of 21?
False
Is 343307665 a multiple of 5?
True
Is 127 a factor of 836304525?
True
Does 64 divide 1537539392?
True
Is 21 a factor of 3165259944?
True
Is 1296232063 a multiple of 106?
False
Is 61 a factor of 19742589?
True
Does 188 divide 5987612?
True
Is 4 a factor of 917849654?
False
Does 5 divide 568722811?
False
Is 67 a factor of 3399213?
False
Does 21 divide 1637892807?
False
Is 2857 a factor of 38130390?
False
Does 11 divide 16816288?
False
Does 8 divide 362116656?
True
Does 544 divide 65539132?
False
Is 1355 a factor of 21329865?
False
Is 82 a factor of 37526644?
True
Is 411 a factor of 121662987?
True
Does 100 divide 9208700?
True
Does 13322 divide 582690958?
True
Is 9609329 a multiple of 23?
False
Does 125 divide 2249573437?
False
Is 13894797 a multiple of 357?
True
Is 31 a factor of 23619383?
False
Is 1021779126 a multiple of 951?
True
Does 13 divide 960837995?
True
Is 123 a factor of 49794582?
True
Is 627042100 a multiple of 1201?
True
Does 21 divide 1267704186?
True
Does 2 divide 153835741?
False
Is 8139150 a multiple of 1162?
False
Is 85760894 a multiple of 75?
False
Is 3084109991 a multiple of 9445?
False
Is 438070081 a multiple of 4241?
False
Is 58702730 a multiple of 66?
False
Is 22 a factor of 130492560?
True
Is 80 a factor of 22957272?
False
Is 1860 a factor of 634626085?
False
Does 26 divide 3011315866?
True
Does 3 divide 8735385?
True
Is 11170 a factor of 370754640?
True
Is 17995494 a multiple of 6?
True
Is 106 a factor of 3884264?
True
Does 25 divide 16308017?
False
Is 1090 a factor of 1524881?
False
Is 4501619 a multiple of 23?
False
Is 12 a factor of 718350168?
True
Does 315 divide 416598617?
False
Is 608653440 a multiple of 1791?
True
Does 37 divide 140016658?
True
Is 39 a factor of 3211753389?
True
Is 34 a factor of 26790526?
False
Is 2 a factor of 1925005?
False
Is 1298233846 a multiple of 21?
False
Is 712322413 a multiple of 39?
False
Does 25 divide 5453925?
True
Is 42710248 a multiple of 1148?
False
Is 46419539 a multiple of 3787?
False
Is 2643197 a multiple of 26?
False
Does 5 divide 22405114?
False
Does 59 divide 1962151317?
False
Is 9 a factor of 275900072?
False
Is 1028867315 a multiple of 8734?
False
Is 204 a factor of 1798146591?
False
Does 23 divide 58232366?
True
Does 11 divide 4281497?
True
Is 908545957 a multiple of 11?
True
Does 14 divide 41918?
False
Is 12 a factor of 47913211?
False
Is 210 a factor of 353098581?
False
Does 2 divide 1470280?
True
Is 84 a factor of 67887624?
True
Is 3482091018 a multiple of 52?
False
Is 155921808 a multiple of 498?
True
Is 7 a factor of 4364719185?
False
Is 175 a factor of 37644425?
True
Is 2569162456 a multiple of 15?
False
Is 206552408 a multiple of 871?
False
Is 1466 a factor of 32083199?
False
Is 1858230 a multiple of 1934?
False
Is 147113407 a multiple of 6?
False
Does 145 divide 6861866?
False
Is 7 a factor of 1327693577?
True
Does 5 divide 1079365?
True
Does 32 divide 1718734432?
True
Does 209 divide 398515139?
True
Is 3014083556 a multiple of 281?
True
Does 14 divide 101308553?
False
Is 269007510 a multiple of 95?
True
Does 85 divide 183092256?
False
Is 87242450 a multiple of 10?
True
Is 29772045 a multiple of 1257?
True
Is 1943908486 a multiple of 13?
True
Is 106 a factor of 213664412?
True
Is 9585569 a multiple of 17?
True
Is 349 a factor of 234995824?
False
Is 432502741 a multiple of 253?
True
Does 13 divide 381296901?
False
Does 9 divide 28323193?
False
Is 51 a factor of 222458175?
True
Is 884876375 a multiple of 25?
True
Is 276012373 a multiple of 19?
True
Is 191383015 a multiple of 2299?
False
Does 81 divide 141626961?
True
Is 158926344 a multiple of 24?
True
Is 2719 a factor of 11612849?
True
Does 15 divide 408118053?
False
Does 58 divide 19041763?
False
Is 1908316125 a multiple of 21?
False
Is 57783711 a multiple of 951?
True
Is 3271 a factor of 370765209?
False
Is 28301448 a multiple of 148?
True
Does 2681 divide 15150331?
True
Is 2674 a factor of 335458648?
True
Does 489 divide 1218685311?
True
Is 3417497107 a multiple of 49?
False
Does 1012 divide 1177455275?
False
Is 14 a factor of 157983364?
True
Is 5307 a factor of 299718132?
True
Is 58447818 a multiple of 26?
True
Is 3747762465 a multiple of 15?
True
Is 9754778 a multiple of 26?
False
Is 15851796 a multiple of 88?
False
Is 13 a factor of 268564309?
True
Does 843 divide 78093072?
False
Is 9 a factor of 776771514?
True
Does 48 divide 8665392?
True
Is 208526836 a multiple of 146?
True
Is 65 a factor of 482661613?
False
Is 118038378 a multiple of 46?
False
Is 933 a factor of 35082506?
False
Does 67 divide 78501339?
False
Is 145 a factor of 33200650?
True
Does 1682 divide 4561388287?
False
Does 220 divide 974957500?
True
Is 298394544 a multiple of 112?
True
Is 131 a factor of 191837972?
True
Is 461466611 a multiple of 3590?
False
Is 52559434 a multiple of 39?
False
Is 